4. Let j be v(-4). Is (j/12)/((-1)/(-75)) a prime number?
False
Let r(s) = s**2 - 2*s - 4. Let x be r(3). Let p = 3 + x. Is p composite?
False
Suppose 4*o + 5*u = 7, 0*u = -3*o - 2*u + 7. Let q = o + 16. Is q composite?
False
Suppose 5*s = 2*l - 8203, 7*l - 2*s - 16430 = 3*l. Is l prime?
False
Suppose 3*p - 271 = -5*x + 2062, 5*p = -5*x + 2325. Is x composite?
True
Let s be 0 + (-1)/((-3)/6). Suppose 0 = 2*z - 2*h - 768, -3*z + s*h - 7*h = -1112. Is z a composite number?
False
Suppose l + 2*l - 4604 = 5*o, 4*l = 4*o + 6152. Is l a prime number?
True
Let i(j) = 2*j - 2. Let l be i(-3). Is l*(-69)/24*2 composite?
True
Suppose 0 = -3*c + 6*c - 3297. Is c composite?
True
Suppose -3*p + 19 = -x + 2*p, -19 = -3*x - 4*p. Is 10/(-10) - (x + -391) a composite number?
False
Let i(w) = 3*w - 1. Let m be i(5). Suppose -3*s + m = 4*k, 33 = 3*k + 2*k - 4*s. Suppose -5*p + 89 = a, 12 = 4*a - k*p - 244. Is a prime?
False
Is (-586)/(-10) + (-3)/5 a prime number?
False
Let z(j) = j**3 - 4*j**2 - 5*j - 3. Let o be z(5). Is o*((-177)/9 + 2) a prime number?
True
Let f be (-42)/(-9) - (-2)/6. Suppose -11 = 2*i - f, 0 = -x - 5*i - 14. Is (94 - x)*3/9 a composite number?
False
Let p(x) = 63*x + 61. Is p(16) prime?
True
Is (4/12)/((-2)/(-2286)) prime?
False
Let g(b) = 73*b - 10. Let y(c) = -72*c + 11. Let x(a) = 4*g(a) + 5*y(a). Is x(-7) composite?
False
Suppose -2 = 3*z + 4. Let b(r) = -30*r - 2. Is b(z) prime?
False
Let v be ((-2)/(-5))/((-2)/110). Let f = 110 + v. Suppose -c - 5*o = 2*c - f, 0 = -5*o - 5. Is c composite?
False
Let j(v) = v**3 + 8*v**2 + 5*v - 7. Let d(r) = -r - 4. Let x be d(-6). Suppose 3 = -x*m - 11. Is j(m) a prime number?
True
Suppose x + 3 = 8. Let f = 10 - x. Suppose -f*y - 5*w + 130 = 0, -3*y + 8*y = -4*w + 126. Is y prime?
False
Let v = 36 + -12. Let u be 3 + 1 - 3/3. Is v - -2*u/6 composite?
True
Is (30/(-20))/((-6)/2132) prime?
False
Is (-1)/((-4167)/1041 - -4) prime?
True
Suppose 4*t + 2*s = 12, 5*s - 3 - 22 = -5*t. Let r(g) = 97*g**2 - g + 1. Is r(t) prime?
True
Let p(b) = -2*b**3 - 6*b**2 - 7*b - 7. Is p(-4) a prime number?
True
Let f(y) = -3 - 1 + y + 3*y**2 + 5*y**3 - 5*y. Let t(z) = 11*z**3 + 7*z**2 - 9*z - 9. Let k(u) = -7*f(u) + 3*t(u). Is k(-2) a prime number?
False
Suppose 0 = 2*m + 2*m - 24. Let i(u) = u**2 + 4*u. Let w be i(m). Suppose -4*y + 64 + w = 0. Is y prime?
True
Let w(m) = m**2 + 2*m - 2. Let y = 8 + -4. Let u be w(y). Suppose -4*c + 34 = -u. Is c a composite number?
True
Suppose g - 3*g + 5*o + 164 = 0, -2*o - 4 = 0. Is g prime?
False
Suppose 4*q - 2 = 2. Let s be q*(0 + 2) + -11. Let n = 32 + s. Is n composite?
False
Suppose 0 = -k - 4*b + 19, 0 = 2*k - 4*b + 6 + 4. Suppose f = -k*p + 36 - 2, 5*p = -3*f + 102. Is f prime?
False
Let t(x) = 7*x - 3. Let u be t(5). Suppose 0 = -2*s + u + 42. Is s a prime number?
True
Let p(w) = -4*w + 3. Let v be p(2). Let u be -3 - v - (2 + 0). Suppose 4*f + f - 175 = u. Is f a prime number?
False
Let k(s) = -s + 1. Let z be k(-6). Let a = z - 7. Suppose a*m + 5*m = -2*f + 543, -792 = -3*f - 3*m. Is f prime?
False
Let f = 39 + -10. Suppose -4*m = -1 + f. Is 2 - m - 1/(-1) prime?
False
Let p be (16/12)/(2/3). Let d be ((-142)/(-4) + 0)*p. Let i = d - 34. Is i a composite number?
False
Let g(k) = -k**2 + 3*k - 3. Suppose o - 7 = -o - x, -3*x = 5*o - 18. Let h be g(o). Is (-3 - 35)/(h + 1) a prime number?
True
Let l = 478 + -27. Is l prime?
False
Suppose 8816 = 5*p + 1701. Is p composite?
False
Is 1 - ((-2 - -3) + 98)*-4 a composite number?
False
Suppose -3*f + 2 + 7 = 0. Suppose f*p - 84 - 33 = 0. Is p composite?
True
Suppose 5*o = 2*o - 294. Let h = -102 + 87. Let f = h - o. Is f composite?
False
Let k be -2 + 2 + (-1 - -4). Suppose -3*q + 3*u - 12 = 0, 0 = -u - k. Let y = 3 - q. Is y composite?
True
Suppose 0 = o - 0*o - 239. Suppose -4*h = -12, 2*h = -5*u + 4*h + o. Is u a prime number?
False
Is (2/(-5 - -3))/(5/(-1945)) a prime number?
True
Let m(s) = 2*s + 19. Let g be m(-10). Let z be ((-6)/(-4))/3*0. Is g*(2 - (13 + z)) composite?
False
Let g(a) be the third derivative of a**5/60 + 5*a**4/24 + 5*a**3/6 - a**2. Let m = 28 - 21. Is g(m) prime?
True
Suppose 5*c - r = r + 387, -241 = -3*c - r. Is c composite?
False
Suppose -4*c + 5*c - 3*m - 644 = 0, -3*c + 4*m = -1957. Is c composite?
False
Let k(u) = 9 - 6*u + u**2 - 5*u**2 - u**3 - 4*u**2. Let m be k(-7). Suppose 4*t + 50 = 3*z, -m*t + 9 = 5*z - 57. Is z a composite number?
True
Suppose -o - 5*i + 626 = 0, -3*o - 3*i - 1291 = -5*o. Is o prime?
True
Suppose u = -2*u + 741. Is u a prime number?
False
Let z = -1010 + 1421. Suppose -3*f + 2*f - 250 = 0. Let v = f + z. Is v composite?
True
Let a(d) = 68*d + 6. Is a(5) prime?
False
Suppose -815 = 4*g + 5*h, -606 = 5*g - 2*g + 2*h. Let x = 440 - 119. Let n = g + x. Is n a prime number?
False
Let r(d) = d + 7. Let l be r(7). Suppose 2*z - 68 + l = 0. Suppose -z + 122 = 5*c. Is c a composite number?
False
Suppose 353 = 4*y + 3*w, -4*w - 632 = -5*y - 183. Let m = y - -38. Is m a composite number?
False
Suppose 0 = -f - n - 490, 2*n = 5*f + 6*n + 2445. Suppose 6*x = x - 10. Is f/(-15) - x/3 a composite number?
True
Is 62*14/4 + 0 a prime number?
False
Let y(p) = p**3 + 4*p**2 + 2. Let n be y(-3). Let g be ((-4)/(-6))/((-2)/(-12)). Let x = n - g. Is x a composite number?
False
Let p be (2 - 4)/(0 + -1). Suppose 4*w - 96 = -4*t, -4*w + t + p*t + 75 = 0. Is w a prime number?
False
Let s be 0 + (1 - 1)/3. Let l(w) = w**3 - w**2 - w + 5. Let t be l(s). Suppose 5*f - t*n = -n + 47, -5*f - 3*n = -61. Is f composite?
False
Let x be (2 - (2 - 1)) + 19. Let b(a) = -2*a**3 + 3*a**2 + a - 2. Let g be b(2). Is (-5)/x - 173/g a prime number?
True
Suppose 2*f - p - 7 = 0, p + 1 = 2*f + 2*p. Suppose 9 - 3 = -5*m - f*a, -2 = -a. Is (145/(-20))/(m/40) a prime number?
False
Is (-59)/((-3)/(-174)*(-7 + 5)) a prime number?
False
Suppose 0*r + 5*r = 245. Is r prime?
False
Let b be (2 + -1)*-4 + 0. Let l(o) = -2*o - 4. Let h be l(-3). Is h - (b*2 + 0) a composite number?
True
Suppose -r + 3 = 0, 0 = 3*h - r + 338 - 1454. Is h prime?
True
Let m be (3 + 21/(-6))*(-16)/(-8). Let c(w) = -w**2 - 2*w + 2. Let q be c(-4). Is (m/3)/(q/882) composite?
True
Let v(h) = 2*h**2 - 2*h**2 + 10*h - 11*h + 34*h**3. Is v(1) composite?
True
Suppose -5 - 13 = 3*y. Let d = -2 - y. Suppose -d*o + 57 = a, 5*a - o - 2*o = 239. Is a a composite number?
True
Let l(d) = 2*d. Let m be l(2). Suppose -j - 14 = r + 3*j, -10 = -5*r - m*j. Is (-7)/((15/r)/(-5)) prime?
False
Let v(m) be the second derivative of m**4/6 + 5*m**3/6 - m**2/2 + 5*m. Is v(-4) composite?
False
Let x(i) = 9*i**2 - 6*i + i**3 - i - 18 + 16. Is x(-5) a composite number?
True
Let o(v) be the third derivative of -v**4 - v**3/2 - 7*v**2. Is o(-3) prime?
False
Suppose -4*f = -9*f + 15. Is (8 - 2)/f - -369 composite?
True
Suppose 6*q = 11*q - 4495. Is q composite?
True
Let a(j) = -2*j - 6. Let c be a(-4). Is 1/c + (-169)/(-2) composite?
True
Let g(h) = -h**2 + 5*h - 2. Let k be g(3). Let u = 4 - 7. Let s = k - u. Is s a composite number?
False
Suppose 3*j - 508 - 227 = -5*f, 0 = -4*f - 2*j + 588. Let s = -29 - -253. Let r = s - f. Is r composite?
True
Let w = -797 + 1591. Is w a prime number?
False
Let h be 14*(3/(-6))/(-1). Suppose h*x - 4*x - 387 = 0. Is x composite?
True
Let o(b) = -b**3 + 2*b**2 - b + 3*b**2 + 0*b**2 + 3. Let x be o(5). Is 4*(-6)/(-3) - x composite?
True
Let x(d) = 50*d + 8. Let g be x(4). Let w = g + -119. Is w a prime number?
True
Suppose -2*v - 5*m = 2, -2*v - 2*v + 3*m = 56. Is (-387)/v - 10/55 composite?
True
Suppose -2 = -2*f - 0, -3*c + 5*f = -421. Is c composite?
True
Is 10/(-4)*(-11462)/55 prime?
True
Is (-20)/((-5)/1) + 537 a composite number?
False
Suppose -2*r = -2*u + 1003 + 1151, 2*u + 2*r = 2154. Is u a composite number?
True
Let l be (-7 - -6) + 2*2. Suppose -3*v + 2*x + 404 = 0, -l*x - 535 = -4*v - 4*x. Is v a prime number?
False
Let f = 0 + 5. Let z = f + -2. Is ((-21)/3)/((-1)/z) composite?
True
Let s = 218 - 129. Is s a prime number?
True
Let k = 15 + 3. Suppose -399 = -k*t + 15*t. Is t prime?
False
Let k be (60/50)/(1/(-5)). Is (879/k)/((-1)/2) a composite number?
False
Let s(j) = 3029*j + 2. Is s(1) composite?
True
Suppose -74*d + 73*d + 485 = 0. Is d prime?
False
Is (-386)/(-4) - 2/(-4) composite?
False
Is (-4)/(80/(-43468)) - 2/5